= -c + 12. Let v be d(10). Let m(p) = p**3 - 5 + 2*p**v - p + k - p. What is m(-2)?
3
Let i(p) = 2*p**3 - 21*p**2 + 14*p + 16. Let r be (-2 + 7 - 6)/(2/(-4)). Let x(k) = -k**3 + 11*k**2 - 8*k - 8. Let w(s) = r*i(s) + 5*x(s). Determine w(12).
-8
Let i(q) be the third derivative of q**4/24 + 2*q**3/3 + 70*q**2. What is i(-4)?
0
Suppose -5*t + 20 = 5*d, d = -2*t + 1 + 6. Let h(y) = -17*y**2 + 1. Give h(d).
-16
Let p(l) be the third derivative of -l**5/60 - l**4/24 + l**3/2 + 58*l**2. Calculate p(-2).
1
Let j(h) = -4*h + 2. Let a(i) = -i**3 + 5*i**2 + 2*i - 7. Let p be a(5). Suppose -p*o + 5*o - 6 = 0. Calculate j(o).
-10
Let v(k) be the second derivative of -2*k**3/3 - 15*k**2/2 + 170*k. Determine v(-4).
1
Let n(x) = -4*x**3 + 5*x + 2. Let p(v) = 5*v**3 + 2*v**2 - 5*v - 3. Let j(k) = -4*n(k) - 3*p(k). Determine j(6).
-29
Suppose -3*i = -0*i. Let g(k) be the first derivative of k**3/6 - 3*k**2 + 4*k - 14. Let c(s) be the first derivative of g(s). Calculate c(i).
-6
Let c(r) be the third derivative of -r**6/120 - r**5/20 + r**4/6 + r**3/6 + r**2 + 66*r. Calculate c(-4).
1
Suppose -5*x + 4*x - 9 = 4*u, -4*x + 4*u = -4. Let v be ((-4 + (6 - 3))/1)/x. Let b(r) = 2*r + 1. Determine b(v).
3
Let y(g) = -g + 3. Let k(b) = -1 + 4 - b - 5 - 3*b. Let d be k(-1). Calculate y(d).
1
Let s(q) = 13 - 62*q - 11 + 61*q. What is s(3)?
-1
Let h(v) = 15 - 3 - 4*v - 6. Let z(f) = 2*f - 3. Let a(p) = 2*h(p) + 5*z(p). Suppose -2*l = -6 - 2. What is a(l)?
5
Suppose 0 = -b + 2*k - 4, -3*k = -3*b - 2*b + 1. Let q(c) = 1 + 71*c**3 + 3*c + 5 + 4*c**b - 72*c**3. Calculate q(5).
-4
Let r(j) be the first derivative of -1/24*j**4 + j**2 + 0*j**3 + 1 + 0*j. Let k(b) be the second derivative of r(b). Determine k(2).
-2
Let c(q) = 4*q - 6. Suppose 48*z + 4*b = 46*z + 26, z - 4*b + 17 = 0. What is c(z)?
6
Let t be (-10)/(-1 + -1) + -2. Let n(c) be the first derivative of -c**4/4 + 2*c**3/3 + 40. Determine n(t).
-9
Let j(n) be the third derivative of -n**6/120 + 7*n**3/6 + 2*n**2 + 265*n. Let o(c) = c + 3. Let x be o(-4). Let r = -1 - x. Determine j(r).
7
Let o(a) be the second derivative of a**3/2 + 2*a**2 - 111*a. What is o(4)?
16
Let z(o) = -o**3 + 4*o**2 + 3*o - 6. Let w be z(4). Suppose 2*m + 10 = 20. Let s(h) = m*h - 17*h**2 - 15*h**2 + 31*h**2 + 1. Give s(w).
-5
Let y be (-1)/((8/2)/(-52)). Let t(u) = -y + 0 + 2*u + u**3 + 6 + 8 + 4*u**2. Calculate t(-4).
-7
Let j(k) = -520 + 14*k**2 + 17*k**3 - 16*k**3 + 13*k + 521. What is j(-13)?
1
Let p = -191/5784 + 18/241. Let h(v) be the third derivative of -1/2*v**3 + p*v**4 + 0 + 0*v - 9*v**2. Determine h(7).
4
Let p(z) be the third derivative of -5*z**4/24 - z**3/2 - 2*z**2 + 4*z. Determine p(-3).
12
Let r(w) = w**3 + 7*w**2 - 10*w - 69. Let g be r(-7). Let x(b) = 7*b**3 + 2*b - 1. What is x(g)?
8
Let m be (-9)/(-36)*0*(-1)/2. Let q(o) = 1983*o + m*o**2 + o**2 - 1977*o + 6. Suppose -20 = 2*f + 2*f. Calculate q(f).
1
Let g(l) = l**2 - 9*l + 7. Let z be g(7). Let p = 0 + z. Let m(j) = j**3 + 8*j**2 + 6*j - 5. Determine m(p).
2
Suppose -n = -5*w + 29, -3*n + 9*w - 4*w = 37. Let i(g) = -g**3 - 3*g**2 + 5*g + 4. Give i(n).
0
Let d(z) = 338*z**3 + 26 - 5 - 18*z**2 - 337*z**3 + 22*z - 3 + 4*z**2. What is d(12)?
-6
Let r(k) be the second derivative of -k**4/12 + 2*k**3 - 15*k**2 - 709*k. Calculate r(12).
-30
Let i be (95/(-20) - -4)*(14 - 10). Let s(j) = -3*j**2 - 7*j - 4. What is s(i)?
-10
Let t(g) = -g**2 + 3*g + 4. Let f(z) = z**2 - 5*z - 6. Suppose 0*a + a - 5 = 0. Let d(j) = a*f(j) + 7*t(j). Let u(s) = -2*s + 9. Let q be u(6). What is d(q)?
-8
Let i(u) = -u**3 + 2*u**2 - 3*u + 2. Suppose -9*c - 18 = -3*c. Let j be (-8)/(-10) - ((-36)/(-10))/c. Give i(j).
-4
Let g(m) = -7*m + 15. Let t be (4/14)/((-22)/(-308)). What is g(t)?
-13
Let g(n) be the second derivative of -n**5/20 + n**4/2 + n**3/6 - 7*n**2/2 - 44*n. Suppose d - 4 = -r, 3*r + 2*d + 0 - 14 = 0. Give g(r).
-1
Let m(v) = -v**2 + 6*v. Let g(o) = -o**3 + 4*o**2 + 4*o - 6. Suppose 2*c - 3*t = -t + 16, 2*c = t + 12. Let j be g(c). Suppose -15*z - j = -17*z. What is m(z)?
5
Let x = 5 - 18. Let g = x - -9. Let d(v) be the second derivative of -v**4/12 - v**3/2 - 5*v**2/2 + 7*v. What is d(g)?
-9
Let z(n) = -n**2 - 5*n + 2. Let g(y) = y**2 + y + 5. Let b be g(-4). Suppose 1 = -3*c - b. Determine z(c).
-4
Suppose 5*q - 6*q - 9 = -2*a, -q + 1 = 0. Suppose -5*n + a = 2*o - 5, -3*o = 5*n - 10. Let c(y) = 2*y**2 - 3*y + 1. What is c(n)?
3
Let u = 0 + 1. Let d = 54 + -51. Let o(q) = -19*q - d*q**2 + 11*q + 9*q. What is o(u)?
-2
Let g = -7 - -10. Let m(h) = 3*h + 9. Let v(s) = -4*s - 14. Let p(n) = 7*m(n) + 5*v(n). Give p(g).
-4
Suppose -d = 11*r - 16*r + 18, 4*d = 2*r - 18. Let p(u) be the third derivative of 0 - u**2 - 1/24*u**4 + 1/6*u**r + 0*u - 1/60*u**5. Give p(0).
1
Let b(k) = -k + 7. Let o(l) = 11 - l + 0*l - 4. Let x = 59 - 64. Let f(p) = x*o(p) + 6*b(p). Give f(0).
7
Let l(b) = 4*b. Suppose 4 = 2*x + 2. Suppose 5*v - 2*k - x = 0, -7 = -3*v + 3*k - 5*k. Determine l(v).
4
Suppose 4*o = 3*b + 4, -3*b + 3 - 11 = -2*o. Let k(q) = -q - 1. Let n(r) = 5*r + 5. Suppose 4 - 1 = 3*g. Let v(f) = g*n(f) + 2*k(f). Calculate v(b).
-9
Let u(o) be the second derivative of -39*o + 1/2*o**2 + 0 + 0*o**3 + 1/12*o**4. Suppose -j - d + 8 = d, -3*j + 5*d = 20. What is u(j)?
1
Let l = 3283 - 3278. Let h(r) = -5 + r**3 - 2 + 0 + 0*r**3 - 4*r**2 - 4*r. Determine h(l).
-2
Let m(y) = -5 - 9*y**2 + 3*y**2 + 15*y**3 + 0*y**3 - 14*y**3. What is m(6)?
-5
Suppose -16 = -3*d - d. Let z(w) = w - 1. Let v be z(d). Suppose v*m - 5*h = 3 - 2, 0 = -2*m - 2*h + 6. Let b(g) = g - 1. What is b(m)?
1
Let o(i) be the first derivative of 5*i**3 - i**2 + i - 2. Let t(l) = -2*l**2 - 7*l - 5. Let h be t(-2). Determine o(h).
14
Let i(h) be the first derivative of -h**4/4 + h**3 - h**2 - 2*h + 465. Suppose -3*b - 8 = -7*b. What is i(b)?
-2
Let b(z) be the third derivative of z**6/120 + 11*z**5/60 - z**4/8 - 13*z**3/3 - 28*z**2. Let w be b(-11). Let g(s) = s**2 - 8*s - 6. Determine g(w).
-13
Let n(a) = -2 - 4 + 5 + 8*a. Let w(d) = -d**2 + 22*d - 111. Let z be w(8). Give n(z).
7
Let c(q) = q**2 + 6*q + 4. Suppose 0 = -3*u - 12 - 24. Let t = u + 6. Calculate c(t).
4
Let n = -9 + 15. Suppose 21 = 3*k - 3*b - 21, 5*k - 38 = -3*b. Let h(r) = 8*r + k - 10*r + 10 - 13. Calculate h(n).
-5
Let i(l) = -l + 2. Suppose 0 = 7*q - 12 - 2. Suppose u + 6 = -s, -4*s = -u - q*u - 4. Give i(s).
4
Let v be (-11)/((-264)/(-10)) - (-4)/6. Let u(t) be the second derivative of -1/2*t**3 - v*t**4 + 0 + 3*t - 1/2*t**2 - 1/20*t**5. Calculate u(-2).
1
Let t(y) = y**2 - 4. Let n be t(3). Suppose -43*g = -46*g + 606. Let p(i) = -5 + g*i + n - 200*i. Give p(-4).
-8
Let r = 534 + -529. Let i(w) = w**2 - 6*w + 11. Determine i(r).
6
Let d = -52 + 45. Let f(s) = 26*s - 18*s - 7*s - 1. Calculate f(d).
-8
Let r(g) be the first derivative of 3*g**4/4 + g**2/2 + 36. Let j be 1*(3 - (4 + -2)). Let a = 0 - j. What is r(a)?
-4
Suppose 0 = 2*p + 5 + 3. Let r(q) = q**2 - 3*q - 7. Let z be r(-12). Let u(y) = 1 - 4*y - 177*y**2 + z*y**2 + y - y**3. Determine u(p).
13
Let u(h) = h**2 + 8*h + 5. Let z = 758 + -762. Calculate u(z).
-11
Let q(z) = -z**2 + 4*z + 5. Let y = -10 + -31. Let w = y + 45. Determine q(w).
5
Let l(k) be the second derivative of k**4/12 - k**3/2 + k**2 - 63*k. Suppose -g + 6*g = 25. Determine l(g).
12
Let w(x) = x**3 - 5*x**2 + 4*x. Let s = 17 + -15. Suppose 10 + s = 4*m. Give w(m).
-6
Suppose -6 = -w + 4*c - 20, -5*w = 5*c - 30. Let o be (3/5)/(4*2/600). Let i(t) = -2*t**2 + 2 + 25*t - o*t - t**3 + 21*t. Calculate i(w).
-12
Let k(r) = 3*r - 51. Let a(h) = -h + 24. Let c(y) = 13*a(y) + 6*k(y). What is c(-4)?
-14
Suppose 2*x + 5 = 7*x. Let b(z) = 2*z + x - 5 + 4 + 5. What is b(-6)?
-7
Suppose a = 7 + 7. Suppose 4*z - a = 6. Let w(h) be the third derivative of -h**6/120 + h**5/12 - h**4/12 + 7*h**3/6 - h**2. Calculate w(z).
-3
Suppose 4 = 3*z + 16. Let u(y) = -y**3 - 4*y**2 + 4*y - 2. Give u(z).
-18
Suppose -7 = -0*a + a - 4*x, 4*a - 8 = 4*x. Let i(v) = -2 + a + 2*v - 2*v**2 + v**2. Determine i(4).
-5
Let h(r) = r**3 + r**2 + 6. Let p = 6 - 3. Suppose 0 = -p*w - 2*u + 6, 4*u + 6 - 2 = 2*w. Let v be (w + -2)/((-12)/(-6)). Give h(v).
6
Let h(g) = -g**3 - 3*g**2 + 2*g - 5. Let j be h(-4). Let t(p) = 2*p - 8. Determine t(j).
-2
Let l(a) = 2*a - 8. Let m(s) = -3*s